t is -232366 - 2516?
-235215
In base 3, what is -1221202 - -2100111220?
2021120011
In base 13, what is -75951a8 - -9?
-759519c
In base 12, what is -54455b - 5?
-544564
In base 6, what is 25214015 + 142?
25214201
In base 13, what is 239 - -467a5?
46a11
In base 13, what is 18a12 - 1234?
177ab
In base 9, what is -1072456 + 28?
-1072427
In base 11, what is 427 + 12020?
12447
In base 10, what is 21184160 - -2?
21184162
In base 15, what is -13 - cc2383?
-cc2396
In base 16, what is -15 + -1543e7?
-1543fc
In base 10, what is -3489340 + -27?
-3489367
In base 3, what is -202220200 - 2222010?
-212212210
In base 6, what is -2031 - 132232253?
-132234324
In base 2, what is -10001001100010001000111100000 + -11?
-10001001100010001000111100011
In base 3, what is -1 + 12200202021101112?
12200202021101111
In base 2, what is -10110001011111000001 - -10000110011?
-10110001001110001110
In base 15, what is -1b7d36 - -5?
-1b7d31
In base 5, what is 4330422341132 + 4?
4330422341141
In base 7, what is -165244 - -615?
-164326
In base 13, what is 93 - -50563?
50626
In base 8, what is -2043425615 + -3?
-2043425620
In base 3, what is 10102110110 + -20011?
10102020022
In base 6, what is 3142203031 - 1?
3142203030
In base 12, what is -2 - a2a963?
-a2a965
In base 13, what is -5c + -175bab?
-175c3a
In base 4, what is 10312302131311 + 1?
10312302131312
In base 16, what is 5efa - 2e?
5ecc
In base 5, what is -21423 - -23303201?
23231223
In base 5, what is -23 + -20020444?
-20021022
In base 7, what is -20453460 - -64?
-20453363
In base 8, what is -15 + 220011510?
220011473
In base 13, what is b226238 + -10?
b226228
In base 7, what is -561 + -122454?
-123345
In base 12, what is -196a + -10455?
-12203
In base 13, what is 2c46 + -47a?
2799
In base 8, what is -740 + -2331125?
-2332065
In base 5, what is 10 - 1411300021?
-1411300011
In base 2, what is 110110111011010 - 1001010010?
110101110001000
In base 12, what is 35b2702 - -36?
35b2738
In base 5, what is -42111444 + -4?
-42112003
In base 3, what is -2010212210200 - -112?
-2010212210011
In base 2, what is 100011011010101100111001010 + -100?
100011011010101100111000110
In base 8, what is -156240 + 47?
-156171
In base 7, what is 4 + 6653064?
6653101
In base 16, what is a7712 - 25?
a76ed
In base 2, what is -11 - -111101100110001111110100?
111101100110001111110001
In base 10, what is -4 + -17807530?
-17807534
In base 2, what is 11 + 1101100101010100111111?
1101100101010101000010
In base 8, what is -16477 + -2070?
-20567
In base 15, what is 251a8 - a?
2519d
In base 5, what is -2401 + 222433300?
222430344
In base 6, what is -3 + 1124435203?
1124435200
In base 10, what is 5 - 2824032?
-2824027
In base 6, what is 4443234 - 25?
4443205
In base 5, what is -3024 - -32133334?
32130310
In base 12, what is 5 + 1123780?
1123785
In base 2, what is -10011100110000000000010101 + 10?
-10011100110000000000010011
In base 2, what is 10010100110 + -11101001100111110?
-11100111010011000
In base 3, what is 201 + 1001112001221?
1001112002122
In base 8, what is -7250473 - -13?
-7250460
In base 16, what is 1 - cdad?
-cdac
In base 7, what is 35531 + -1026?
34502
In base 2, what is -1101100001100 + -1100010000?
-1111000011100
In base 13, what is -29 - -51ba?
5191
In base 2, what is -100 + 10110100100111111000010001?
10110100100111111000001101
In base 15, what is -e42 - 4060?
-4ea2
In base 6, what is -1343441 + 52442?
-1250555
In base 4, what is 10022130 - 301031?
3121033
In base 15, what is -c6 + -1c19?
-1ce0
In base 8, what is -710637317 + -2?
-710637321
In base 16, what is -17b81 - -1e?
-17b63
In base 13, what is -8953ac - -15?
-895397
In base 13, what is -c6 - -3324?
322b
In base 10, what is 795 + -12469?
-11674
In base 3, what is -101002021 - -102222?
-100122022
In base 16, what is -6069e64 + 2?
-6069e62
In base 12, what is -14a33 + 3?
-14a30
In base 9, what is 24207126 + -36?
24207080
In base 7, what is 21 + 220313123?
220313144
In base 5, what is -1 - -1144140010?
1144140004
In base 5, what is -1412 - -240332411?
240330444
In base 12, what is -95684b - -177?
-956694
In base 4, what is 0 + -220313311112?
-220313311112
In base 11, what is -26a78a9 - 1?
-26a78aa
In base 6, what is 12 - 15302341?
-15302325
In base 11, what is -1825a0 - -160?
-182440
In base 13, what is 1558 + -451?
1107
In base 6, what is -24 - -32012144?
32012120
In base 5, what is -10401031 + -11134?
-10412220
In base 6, what is 3044 - 34143?
-31055
In base 7, what is 31 - 16234124?
-16234063
In base 4, what is 1030230212030 + -3?
1030230212021
In base 2, what is -1110 - 1000010100001111111010?
-1000010100010000001000
In base 4, what is 12 - 3001032113121?
-3001032113103
In base 10, what is -3043 - -243?
-2800
In base 3, what is 1210011020222 - 2112?
1210011011110
In base 14, what is 2b + 1952242?
195226d
In base 2, what is -11010001100110011101 - 100?
-11010001100110100001
In base 4, what is -303301223122 - 3?
-303301223131
In base 14, what is 185acd5 - -4?
185acd9
In base 15, what is 1901b - 173?
18d98
In base 16, what is 0 + -61ab8b3?
-61ab8b3
In base 16, what is 3c + -a738?
-a6fc
In base 8, what is -157 + -100321?
-100500
In base 13, what is -245a78 + -7a?
-245b25
In base 14, what is -91250b - 0?
-91250b
In base 10, what is -6797374 + 2?
-6797372
In base 4, what is 0 + -32210321220?
-32210321220
In base 8, what is -16632 + 22223?
3371
In base 2, what is -1011011111000 - 100010100001101?
-101110000000101
In base 3, what is -1122212022 + -1221120?
-1201210212
In base 15, what is -32de + 10768?
c479
In base 16, what is e7997e + -18?
e79966
In base 7, what is 0 + -222564020?
-222564020
In base 13, what is -22b6b9c11 - -1?
-22b6b9c10
In base 10, what is 5 - 13926466?
-13926461
In base 4, what is -33111203020 - -313?
-33111202101
In base 15, what is ed84b + c?
ed858
In base 5, what is -1103014114 - -240?
-1103013324
In base 3, what is -120021022111 - 1002000?
-120022101111
In base 15, what is -95bb2a + 4e?
-95bacb
In base 16, what is -185c8d + b?
-185c82
In base 7, what is -145631 + -11534?
-160465
In base 12, what is 3 - -8b7475?
8b7478
In base 4, what is 21220011 - 3?
21220002
In base 5, what is 1204312104 + 10?
1204312114
In base 11, what is -359a0a - -14?
-3599a6
In base 9, what is 370 - -33858?
34338
In base 6, what is -30323 - 11532?
-42255
In base 3, what is 122102211011 + 2021?
122102220102
In base 9, what is -4 - -1668132?
1668127
In base 15, what is ea7e9 + 101?
ea8ea
In base 3, what is 12020122002100 + -12012?
12020121220011
In base 6, what is 3 + -2140050514?
-2140050511
In base 12, what is 956332 + -6?
956328
In base 9, what is -2 + -15376564?
-15376566
In base 12, what is 1174a + -592?
11178
In base 9, what is -207 - 26615?
-26823
In base 5, what is 12144144 - 220?
12143424
In base 15, what is 15 + -2ca41?
-2ca2b
In base 10, what is 89 - -394574?
394663
In base 2, what is 10001101011000 - -11010001?
10010000101001
In base 14, what is -55 - -127014?
126d9d
In base 11, what is 14 - 1459a71?
-1459a58
In base 11, what is 36184a6a - -5?
36184a74
In base 9, what is 3324127 - 8?
3324118
In base 4, what is -10 + 2011022010322?
2011022010312
In base 10, what is 14 - -108097?
108111
In base 7, what is -454 - -346220?
345433
In base 9, what is 18 - -718687?
718716
In base 5, what is 13 + 1422343321?
1422343334
In base 10, what is -30289 + 209?
-30080
In base 9, what is -127811672 + -2?
-127811674
In base 12, what is -73 + 27a664?
27a5b1
In base 12, what is 384 + -63387?
-63003
In base 5, what is 122234 - 1012344?
-340110
In base 10, what is 4786126 - -3?
4786129
In base 14, what is 5 - -682bd?
682c4
In base 9, what is -521 - 177081?
-177612
In base 4, what is 123213 + 123130?
313003
In base 8, what is 552031324 + -1?
552031323
In base 3, what is -110211202 - 212111121?
-1100100100
In base 4, what is -2110023 + -1223?
-2111312
In base 9, what is -235 + 8875?
8640
In base 2, what is 10101011 - 10110011001100111001?
-10110011001010001110
In base 3, what is -120002121201122 - 0?
-120002121201122
In base 11, what is -27213883 + 4?
-2721387a
In base 12, what is 43 - 276562?
-27651b
In base 9, what is 3105 + 613?
3718
In base 15, what is -352 + -c85e?
-cbb1
In base 5, what is 3 + -422122112110?
-422122112102
In base 9, what is 5 + -350278241?
-350278235
In base 7, what is -54 + -2511011?
-25110